st common factor of 291 and w?
3
Let h = 3475 - 3452. Calculate the greatest common factor of h and 46.
23
Let d(b) = 4*b**2. Let u be d(-3). Suppose -54*o = -50*o - u. Suppose 4*s + 28 = 2*x + 2*x, o = -x + 5*s. Calculate the greatest common factor of x and 33.
11
Suppose 0 = 2*m + v - 7, 5*m - 10 - 3 = 2*v. Suppose -2*u - m*u = -20, -6*y + 570 = 3*u. What is the greatest common divisor of 651 and y?
93
Suppose 613*w - 606*w = 28. Suppose -9 = -5*l - f + 11, 0 = -5*l - w*f + 35. Calculate the greatest common factor of 2 and l.
1
Suppose 9240 = 16*a + 10*a - 4*a. What is the highest common divisor of a and 875?
35
Let i(b) = b**3 - 16*b**2 + 2*b - 3. Suppose -13*c = -190 - 18. Let s be i(c). Suppose -5*v = s - 119. What is the greatest common factor of 162 and v?
18
Suppose 4*q - 72 = -14*q. Suppose q*v + 45 = 5*a, 4 = -a - 5*v - 16. What is the highest common factor of a and 5?
5
Suppose b = -2*c + 2427, 12*c - 9*c + 2*b - 3638 = 0. What is the highest common factor of 494 and c?
38
Let u be 6*186*(-4)/(-15)*5. Suppose u*v - 1496*v + 12760 = 0. What is the greatest common divisor of v and 55?
55
Let q(o) = 14*o**2 + 354*o + 228. Let a be q(-57). Calculate the greatest common divisor of 64 and a.
64
Suppose -h - 11*h + 552 = 0. Suppose -h - 82 = 4*l. Let f = 140 - l. Calculate the highest common divisor of f and 43.
43
Let d be (18/4)/(15/40). Suppose 0 = 4*o + 5*b - 143, -o = 15*b - 11*b - 22. Calculate the greatest common factor of o and d.
6
Let d(z) = -24*z + 1158. Let u be d(45). Calculate the highest common divisor of u and 14.
2
Let b be 4/((-176)/(-847)) - (-2)/(-8). Suppose 5*c - 3*c - 2*g - 152 = 0, -c = -5*g - 76. Calculate the greatest common divisor of b and c.
19
Suppose -14*t + 12*t = -4*i - 12738, -4*i - 12739 = -3*t. Let c = -2183 - i. Calculate the highest common factor of 91 and c.
91
Let w(h) = -3*h + 38. Let t be w(13). Let r be 184/6*(t - (-5)/2). Calculate the highest common divisor of r and 23.
23
Let f(t) = 36*t**2 - 688*t - 2064. Let h be f(-3). Suppose -3*m + 64 + 44 = 0. Calculate the greatest common factor of m and h.
36
Suppose -116*q + 36*q + 1624 = -11816. Calculate the greatest common divisor of 182 and q.
14
Let m = 83 + -74. Let l be (-3)/m*3*(1 - 1). Suppose l = -17*r + 14*r + 21. What is the greatest common factor of 1 and r?
1
Let h be 16/(96/(-30)) + 6096 + -11. Calculate the highest common factor of 10 and h.
10
Let y(j) be the second derivative of 7*j**3/6 - 41*j**2/2 + 8*j - 10. Let w be y(7). Calculate the highest common divisor of w and 28.
4
Let p = 58 + 1529. What is the greatest common divisor of p and 69?
69
Let l be 12/(-8)*300/9. Let r be l/(-4 - (-7)/((-63)/(-30))). Suppose -240 = -5*v + 5*p, 3*v - 5*p - r = 61. Calculate the greatest common factor of 39 and v.
13
Let u(r) = -10*r + r**3 - 2*r**2 - r - 8*r**2 + 20. Let p be (-63)/(-252)*5/((-10)/(-88)). Let o be u(p). What is the greatest common factor of 20 and o?
20
Suppose -220*g + 221*g = 2. Suppose 3*o - 4*h + 6*h = 176, g*o = -4*h + 120. Calculate the greatest common divisor of 319 and o.
29
Suppose -b - b + 30 = -5*u, b + 2*u = -3. Suppose 33*i - 4044 = -909. Calculate the greatest common factor of i and b.
5
Suppose -15 = -h + 270. Let c be 1950/312 - 10/8. Suppose h = 4*x + c. Calculate the greatest common divisor of 14 and x.
14
Suppose 328*q - 438*q + 24420 = 0. What is the greatest common factor of 192 and q?
6
Let i = 16037 + -13795. What is the highest common divisor of 59 and i?
59
Let h be 128*4 - (-8 + 5 + 8). Suppose 0 = -9*y + 114 + h. What is the greatest common divisor of 3 and y?
3
Let j(g) be the first derivative of -7*g**4/4 + 3*g**2/2 + 2*g - 84. Let q be j(-1). Calculate the highest common factor of 24 and q.
6
Suppose -h = -p, 2*h - 4*p = h - 9. Suppose -11*t - 59 = -12*t - h*a, -4*a - 8 = 0. What is the greatest common divisor of t and 585?
65
Let i = 1711 + -1689. Let a(x) = x**2 - 10*x + 6. Let s be a(10). Calculate the highest common divisor of i and s.
2
Let j be 2*(-12 + 4 + 10). What is the highest common divisor of j and 9?
1
Suppose 10 - 16 = 6*z. Let n be (2 + z)/(4/168). Calculate the highest common factor of 48 and n.
6
Let m = 14441 + -14426. Calculate the greatest common divisor of m and 1175.
5
Let l be (18/(-21))/((-2040)/224 + 9). Calculate the greatest common factor of 50 and l.
2
Suppose -7*g - 2413 = -3*s + 3959, 6426 = 3*s + 2*g. What is the greatest common factor of s and 2?
2
Let l be 9*((-28)/(-13) + -2)/((-18)/(-117)). Calculate the highest common factor of 9945 and l.
9
Suppose -5*b + 7*g = 2*g, 3*b - 10 = -2*g. Suppose w = 4*v - v + 306, -b*v + 885 = 3*w. What is the greatest common factor of w and 27?
27
Suppose d = 2 - 1. Let j(h) = -h**2 + 17*h - 49. Let x be j(9). What is the highest common divisor of d and x?
1
Let t = -73 - -85. Suppose -o + 468 = 12*o. What is the highest common factor of t and o?
12
Let i(l) = -3*l**2 + 10*l - 15. Let v be i(7). Let g = v + 91. Let y be ((-576)/(-54))/((2/(-3))/g). Calculate the greatest common divisor of 12 and y.
4
Suppose -10*k + 26 = -34. Suppose -7*l = -k*l - 10. Suppose l = c + 7. What is the highest common divisor of 3 and c?
3
Suppose -3*c + 11*c = 48. Suppose 306 + 186 = c*v. Let s be -4 + (v + -2)/5. What is the greatest common divisor of 48 and s?
12
Let o(f) = -f**2 - 7*f + 2. Suppose -p = -13*p - 36. Let g be (-1 - p)*(-15)/6 + -2. Let k be o(g). Calculate the greatest common factor of k and 14.
2
Let c = 15 - -20. Let o = 449 + -446. Let t be -4 - (4 - 16) - o. What is the greatest common divisor of t and c?
5
Suppose -17 + 12 = -a, -562 = -9*g + a. Calculate the highest common factor of g and 42.
21
Suppose -4*z + 8 + 12 = 0. Suppose 0 = -z*b + 28 - 8. Suppose -b*p + r + 25 = 0, -5*p + 3*r + 14 + 19 = 0. What is the highest common divisor of 48 and p?
6
Suppose -g + 2*o + 2 = 0, 3*o = 31*g - 36*g + 10. Suppose -5*i + g*x + 28 = 5*x, -5*i + 5*x + 60 = 0. What is the greatest common divisor of i and 52?
4
Let h = 3673 + -362. What is the greatest common factor of h and 231?
77
Let s(i) = -291*i + 58. Let a be s(0). Let o(v) = -5*v**3 + 4*v**2 - v. Let j be o(-3). Calculate the greatest common factor of j and a.
58
Let h = 6427 - 3707. Suppose 6*o - 940 - h = 0. Suppose -3*d + 5*n + o = 2*d, 560 = 5*d + 5*n. What is the greatest common divisor of 13 and d?
13
Let u be -10 - (-2172)/96 - 3/(-8). Suppose u*i - 177 = 96. Suppose 0 = -m + 9 + 5. Calculate the highest common factor of m and i.
7
Suppose 21*m + 44 + 19 = 0. Let t be 0 + -1 + m + 10. What is the greatest common factor of t and 198?
6
Let y(b) be the second derivative of 1 - 24*b - 13/2*b**2 - 1/3*b**3. Let v be y(-17). What is the highest common factor of 14 and v?
7
Let s be (-17)/221 + 2341/13. Let w = 0 + 144. What is the highest common divisor of s and w?
36
Let q(i) = i**3 - 14*i**2 + 26*i - 15. Let m be q(12). Suppose -m*k = -39 + 12. What is the highest common factor of k and 12?
3
Suppose 20 = -5*a + f, 3*a + 12 = -7*f + 3*f. Let h be (1551/(-188))/(3/a). Calculate the highest common divisor of 781 and h.
11
Suppose 2006 = 84*o - 1018. Calculate the greatest common factor of 348 and o.
12
Let t(y) = -2*y**2 + 33*y - 126. Let h be t(7). What is the greatest common divisor of 56 and h?
7
Let q = -39 - -161. Suppose 9506 = 136*j - q*j. What is the greatest common factor of j and 97?
97
Let d = -1468 - -1628. Calculate the highest common factor of 5 and d.
5
Let a be (-234)/(-8) - (6/8)/3. Suppose 12*g = -a*g + 4920. Calculate the greatest common divisor of g and 160.
40
Suppose 2*h = 6, 3*x + 0*h = -h - 369. Let v = x + 319. Calculate the greatest common divisor of 15 and v.
15
Let s be 115/(-50)*-4 - (5 + 24/(-5)). Calculate the greatest common divisor of 1629 and s.
9
Let s = 557 + -558. Let i be 41 + -5*s/(-1). What is the greatest common factor of i and 32?
4
Suppose -3*i + 1 = -47. Let a = i + -15. Calculate the greatest common divisor of a and 8.
1
Let m = -9 + 25. Suppose 2*h = 10, 2*d + 3*h + 1 - m = 0. Suppose d = 2*t + 6*t - 24. Calculate the greatest common divisor of t and 1.
1
Let q be (-9)/72 + (-238)/16. Let x be (-1 - -52)/((-5)/(100/q)). What is the greatest common divisor of x and 34?
34
Suppose 0 = -15*d + 2930 - 155. Let z = d + -160. Calculate the